 the prime factors of s.
3, 13
Suppose 3*w - 19635 = -5*s, -w + 3927 = s - 4*w. List the prime factors of s.
3, 7, 11, 17
Suppose -11*r = 6469 - 1365. Let h = -327 - r. What are the prime factors of h?
137
Suppose 0 = 6*t + t - 28. Suppose -t*n - 5*z + 45 = 0, 7 - 2 = 5*z. What are the prime factors of 3/(-6) - (-395)/n?
3, 13
Let r = 8971 + 3762. What are the prime factors of r?
7, 17, 107
Suppose 14*k + 2*v - 78650 = 10*k, -2*k = -2*v - 39316. What are the prime factors of k?
19661
Let r(t) = 377*t + 793. What are the prime factors of r(6)?
5, 13, 47
Suppose 2*y - 1723 = -x + 2419, 2071 = y - 5*x. Suppose s - 5767 - y = -5*d, 0 = 2*s - 6. List the prime factors of d.
1567
Let d = 1412 + -1244. List the prime factors of d.
2, 3, 7
List the prime factors of 5731 + -1 + (-1 - (-9 + 4)).
2, 47, 61
Let c(s) = -7*s + 159. Let i be c(-6). Suppose 11*x + i = 2203. List the prime factors of x.
2, 7, 13
Let b be 20/(-3)*48/20*-1. Let x(k) = b - 16 + 2*k**2 - 16 - 6 - 8*k. What are the prime factors of x(9)?
2, 17
Let v be (-167)/(-4)*(26 + -6). Let s = 1967 - v. List the prime factors of s.
2, 283
Let j be 81*(4/(-3))/2. Let p be (-210)/4*(-10)/60*20. Let r = j + p. What are the prime factors of r?
11
Suppose -129 = -6*q - 57. What are the prime factors of 261 - (q + 18/(-3))?
3, 5, 17
List the prime factors of ((-4437531)/63)/(-2 - 1).
53, 443
Let n = 7801 + -7393. List the prime factors of n.
2, 3, 17
Let y = 78 - 71. Suppose y*m = 17*m + 40. What are the prime factors of 185/((5/10)/((-2)/m))?
5, 37
Suppose 1271*j = 1263*j - 688. Suppose -2*m = -3*m + 145. Let a = j + m. What are the prime factors of a?
59
Let i = 464 + -450. Suppose 2650 = 3*h + 5*w, -11*h + i*h = -2*w + 2653. What are the prime factors of h?
3, 5, 59
Let j(l) be the first derivative of -l**4 + 5*l**3/3 + l**2 - 2*l + 26. Suppose 3*k - 9 = 0, -2*k = -4*f + 9 - 27. What are the prime factors of j(f)?
5, 29
Suppose -182 = -17*v + 4*v. Let h(b) = b**3 - 15*b**2 + 17*b - 15. List the prime factors of h(v).
3
Let g = 129 + 327. Suppose -g = -15*s + 12*s. Suppose 2*t + s = 4*t. List the prime factors of t.
2, 19
Suppose -47*g - 6 = -50*g. Suppose g*f + f - w = 1502, 2490 = 5*f + 5*w. List the prime factors of f.
2, 5
Let o(b) = 26*b + 123. Let g be o(5). Let v = g + -86. List the prime factors of v.
167
Let g = 34 - 29. Let q be (g - 8)*446/(-6). Let n = q + 69. What are the prime factors of n?
2, 73
Let b(y) = 2155*y - 13833. What are the prime factors of b(7)?
2, 313
Let s be (-4)/(-18) - (-1802)/153. Suppose -8*a = -4 - s. Suppose -2*h - a*h + 260 = 0. List the prime factors of h.
5, 13
Let x = -22824 - -31862. What are the prime factors of x?
2, 4519
Suppose -107*c + 300 = -103*c. List the prime factors of (-6)/(-9)*c/(-20)*-26.
5, 13
Suppose 34*y + 148242 = 65*y. List the prime factors of (3/18)/((4 - 3)/y).
797
Let q(p) = -2*p**2 - 6*p - 10. Let n be q(-4). Let v be 12/(-9*((-68)/n + -4)). Let t = 94 + v. List the prime factors of t.
2, 5
Let w(k) = -16*k**3 - 4*k**2 - 44*k - 249. List the prime factors of w(-6).
3, 1109
Suppose 4*u + 6864 - 59742 = -5*v, 4*u - 21132 = -2*v. What are the prime factors of v?
2, 11, 13, 37
Let c(z) = z**3 - z**2 - 2*z + 2. Let f be c(0). Suppose r - 2*i = 3*r + 256, i - 253 = f*r. Let o = -56 - r. List the prime factors of o.
71
Let i = -296 + 573. Suppose 0*n = -4*n + 4*u + 1108, -n + i = 5*u. List the prime factors of n.
277
Let o = 799 + -1280. Let j = o + 773. What are the prime factors of j?
2, 73
Suppose 1126912 = 192*d - 2024768. What are the prime factors of d?
5, 7, 67
Suppose 2*i + 0*m + 5*m - 28 = 0, i - 5 = 2*m. Suppose -11*w + 8*w = -i. Suppose -w*c = -7*c + 504. List the prime factors of c.
2, 3, 7
Let i(r) be the third derivative of -5*r**2 + 0 + 2/3*r**3 + 1/8*r**4 + 0*r + 37/20*r**5. List the prime factors of i(-1).
2, 7
Let h = 416 - -33. Suppose 4*r = -n + 2*n + 354, -2*n + h = 5*r. Suppose 0 = -3*a + 13 + r. List the prime factors of a.
2, 17
Let b = -241 + 241. Suppose b = -291*x + 292*x - 68. What are the prime factors of x?
2, 17
Let s(k) be the first derivative of -k**4/12 - 8*k**3/3 + 13*k**2/2 - 4*k - 2. Let c(o) be the first derivative of s(o). What are the prime factors of c(-8)?
7, 11
What are the prime factors of (-21)/(126/(-8520))*(-42)/(-35)?
2, 3, 71
Let k be -4 - 3*(-124)/12. What are the prime factors of ((-50800)/28)/(-4) + k/63?
2, 227
Suppose -y - 25 = -l - 11, 3*l = y + 36. Suppose -1608 = -15*o + l*o. What are the prime factors of o?
2, 3, 67
Let p = -48 + 50. Suppose -7*z = -6*z - p*z. Suppose 6*c - 35 - 127 = z. What are the prime factors of c?
3
Let h(y) = -4*y - 19. Let s(n) be the second derivative of -11*n**3/6 - 57*n**2/2 - 13*n. Let f(o) = 8*h(o) - 3*s(o). List the prime factors of f(-9).
2, 5
Let r(a) = a**2 + a + 90. Suppose 2*y + 27 = -y. Let u be (y + 9)/(-1*1). List the prime factors of r(u).
2, 3, 5
Let o(v) = -v**2 + 1. Let g(a) = a**2 + 4*a - 2. Let n(f) = g(f) - 2*o(f). Let t be n(-4). Suppose 29*j - 223 = t*j. What are the prime factors of j?
223
Let y = 184 - 182. Suppose 5*m = -25, 3*f - 266 = -y*m + 39. List the prime factors of f.
3, 5, 7
Let r = -233 + 759. Let p = r + -174. List the prime factors of p.
2, 11
Suppose -2*n = 3 - 11. Suppose 0 = 5*j - 4*t + 9*t - 2605, n*t + 1570 = 3*j. What are the prime factors of j?
2, 3, 29
Let j = 31 + -25. Let s be (58/j)/(5/((-60)/4)). List the prime factors of (-4 - 2/(-1))*s.
2, 29
Let o = 16117 + -9398. List the prime factors of o.
6719
Let j = -280 + 282. Suppose -1425 = -4*s + 5*c, -2*s - j*s = 5*c - 1415. What are the prime factors of s?
5, 71
Let p be -5*((-6)/(-5) - 2). Let o(x) = 4*x**3 - 6*x**2 - 11*x + 26. Let y be o(2). List the prime factors of -3*p/y*-17.
17
Let s be (252 + 6)/(-6) + -3. List the prime factors of (s/3)/((-19)/18 - -1).
2, 3, 23
Suppose o + 7*k - 3*k = -2, 5*k = -3*o + 1. Let r(g) = 4*g**o + 12 - 1 + 4*g - 7. What are the prime factors of r(-3)?
2, 7
Suppose 3*p + 314 = 5*x + 37, 311 = -4*p - 5*x. Suppose 3 + 102 = -3*s. Let o = s - p. List the prime factors of o.
7
Suppose 2*k + 3*k + 5*g - 6215 = 0, 3*g = 3*k - 3759. Suppose -5*r + 0*r + 3120 = b, -2*r = -2*b - k. List the prime factors of r.
2, 3, 13
Let j(b) = 81*b**2 + 5*b - 22. Let f be j(6). Let i = f - 1138. What are the prime factors of i?
2, 19, 47
Let t(s) = 3*s**2 - 12*s + 7. Let v be t(5). Let x be (-4)/v + (576/22 - -4). Let k = x - -231. List the prime factors of k.
3, 29
Let x = 140 - 81. Suppose -2*p + 33 = p - n, 5*p - 3*n - x = 0. Suppose -p*i = -8*i - 354. What are the prime factors of i?
3, 59
Let k(u) = -2*u**3 + 6*u**2 + 5*u - 10. Let t be k(5). Let z = -83 - t. Suppose -o = -z*p - 226, 3*o - 676 = -0*o + 5*p. What are the prime factors of o?
2, 3, 37
Suppose -9*f = -316 - 224. Suppose -11*r + 10*r = f. Let b = r - -197. List the prime factors of b.
137
Let i(l) = -4*l**3 - 55*l**2 + 20*l - 88. Let b(y) = -y**3 - 18*y**2 + 7*y - 29. Let z(t) = -7*b(t) + 2*i(t). What are the prime factors of z(11)?
13, 41
Let r(m) = -m**3 + 10*m**2 - 15*m + 13. Let b = 361 - 368. What are the prime factors of r(b)?
3, 317
Let q = 38 - 34. Suppose 2*w = 4*u - 38 - q, 0 = -u + w + 11. Suppose 5*k - 3*l - 42 = u, l = -3*k + 34. What are the prime factors of k?
11
What are the prime factors of ((-4540)/6)/((-12)/180)*8/10?
2, 5, 227
Let b(i) = 4*i + 96. Let l = -99 + 108. List the prime factors of b(l).
2, 3, 11
Let x = 10 + -6. Let h = 404 + -399. Suppose -89 = -h*v + x*v. List the prime factors of v.
89
Let p(y) = -2*y**2 - 9*y + 94. Let z(b) = -2*b + 23. Let r(s) = -2*p(s) + 9*z(s). What are the prime factors of r(-11)?
503
Let n(c) = -11*c**3 - 20*c**2 + 18. Let h be n(-8). Suppose -170*k = -160*k - h. List the prime factors of k.
19, 23
Let t be -3*(-1)/(-15)*-5. Let u be t/2*2*3. Suppose u*i - 33 = 42. List the prime factors of i.
5
Let m(s) = -s**2 - s + 31. Let v be m(5). Suppose -q = -2*u, 0 = -3*q + 5*u - 0*u + v. List the prime factors of q/(-7) + 1684/14.
2, 3, 5
Suppose 272452 = 42*o - 405942 + 84556. List the prime factors of o.
3, 1571
Let c = -126 - -136. Suppose -c*f = -f - 729. List the prime factors of f.
3
Suppose -x - 89 - 37 = 0. Let u(r) = 2*r**3 - 23*r**2 - 28*r - 21. Let n be u(12). Let o = x - n. List the prime factors of o.
3, 29
Suppos